+ 52 = -4*f + 3*f. Calculate the greatest common factor of g and a.
27
Let t = 124 - 114. What is the highest common factor of t and 430?
10
Let p(s) = 9*s + 5 + s - 69*s**2 + 70*s**2 + 6. Let b be p(-9). Calculate the highest common factor of b and 8.
2
Let d be ((-18)/15)/(4/(-10)). Suppose -d*p = p - 300. Suppose -13*h + 14*h + 2*f - 17 = 0, -3*h + 40 = -5*f. What is the greatest common divisor of p and h?
15
Let c(v) = -v - 2. Let s be c(-4). Let f be ((-1)/s)/((-12)/72). Suppose 0*r + 22 = d - 2*r, 3*r + f = 0. What is the greatest common divisor of d and 30?
10
Let i be 2/6 - 393/(-9). Let l be (4 - i)*(-4)/5. Let b(m) = -15*m - 65. Let v be b(-15). What is the highest common factor of l and v?
32
Let n(k) be the second derivative of k**5/20 - 3*k**4/4 - 3*k**3/2 + 25*k**2/2 + 17*k. Let v be n(10). Calculate the greatest common factor of 5 and v.
5
Suppose -40 = 3*k - 4*k. Let c = 20 + -43. Let i = -15 - c. What is the greatest common factor of i and k?
8
Let p(g) = -3*g - 6. Suppose -4*y - 28 = -2*h, 3*h - 4*y = -5*y + 7. Let m be p(h). Let x be (m/21)/(7/(-98)). Calculate the highest common divisor of 18 and x.
6
Suppose 110 = 5*s - 4*f - 0*f, -3*s + 4*f + 58 = 0. What is the highest common factor of 4 and s?
2
Let w(i) = 2*i + 6. Let r be w(5). Let l = -23 + 167. Calculate the greatest common factor of l and r.
16
Suppose -43*n + 8125 + 24254 = 0. What is the highest common divisor of n and 3?
3
Suppose u + d = 53, 24*u - 22*u = -5*d + 121. Let o(b) = 2*b**3 + 2*b**2 + b - 2. Let n be o(2). Calculate the greatest common factor of u and n.
24
Let p(c) = c**3 + 9*c**2 - 9*c + 1. Let l be p(-10). Let j be (286/(-26))/(1/l). What is the highest common factor of j and 66?
33
Let b(i) = -19*i - 247. Let h be b(-28). Calculate the greatest common factor of 120 and h.
15
Let a(u) = u**2 + 2*u - 16. Let t be a(-7). Let d(y) = 10*y - 30. Let x be d(t). What is the greatest common divisor of x and 20?
20
Let p be (5 - 62/4)*(-5 - -3). Let g = 77 + -35. Calculate the highest common divisor of g and p.
21
Suppose -6 = -n - 1. Let i(u) = 3*u**2 - 3*u - 15. Let y be i(-4). Suppose 0 = -s + n, m - 5*m - 5*s = -y. Calculate the highest common factor of m and 2.
1
Suppose 3 = 2*j - 7. Let y(p) = 2*p - 2. Let g be y(j). Let d(h) = h**3 - 6*h**2 - 9*h + 7. Let f be d(g). What is the highest common factor of f and 7?
7
Let d = -889 - -901. Calculate the highest common divisor of 66 and d.
6
Suppose -5*j + 5*h = -20, 2*j + 0*h + 4*h = -4. Suppose u + 3*t = 21, j*t = -3*t - 25. What is the greatest common divisor of 72 and u?
36
Suppose -6096 = -14*a - 846. Calculate the greatest common divisor of a and 135.
15
Let r = 36 + -16. Let s = 32 - r. Suppose 5*t - 536 = -56. What is the greatest common divisor of s and t?
12
Let r(m) = m**3 + 10 - 10*m**2 - m + 1 + 0*m**2. Let d be r(10). Let y be -1 + 1 + d + 12. Calculate the greatest common factor of 39 and y.
13
Let m = 20 + 74. Let a = -86 + m. What is the highest common divisor of a and 1?
1
Suppose 2*q - q + 385 = 0. Let b = -695 - q. Let a = 571 + b. What is the highest common factor of 29 and a?
29
Suppose 7*r = 8*r - 324. What is the highest common factor of r and 12?
12
Let s = 1813 - 962. What is the highest common factor of s and 23?
23
Let v(j) = -88*j + 1136. Let w be v(8). Calculate the highest common factor of 80 and w.
16
Suppose 0 = 41*p + 68*p - 2289. Calculate the highest common divisor of 2793 and p.
21
Let l = 796 - 553. What is the greatest common divisor of l and 324?
81
Let q = -149 + 667. What is the highest common factor of 14 and q?
14
Let j(w) = w**3 - 29*w**2 - 29*w - 31. Let u be j(30). Let v(t) = -5*t - t + 3 - 9*t. Let l be v(u). What is the greatest common factor of l and 18?
18
Let s be -5 + 1 - 39*(-14)/(-7). Let c = 111 + s. Calculate the highest common divisor of c and 232.
29
Suppose 0 = -104*j + 101*j + 1740. Calculate the highest common factor of j and 20.
20
Suppose -4*q = l - 0*q - 23, 0 = 5*l - 5*q + 10. Let d(z) = -8 - 1 + 3 + 0 - l*z. Let o be d(-10). Calculate the highest common factor of o and 96.
24
Let a(v) = v**3 + 9*v**2 - 3*v - 4. Let d(n) = n**2 + 8*n - 4. Let q be d(-6). Let o = q + 9. Let k be a(o). What is the highest common divisor of 23 and k?
23
Let m = 66 + -38. Let u = 17 + m. Let j = 7 - 2. What is the greatest common factor of j and u?
5
Suppose -7*j + 4*j + k = -79, 2*j + 2*k = 50. What is the greatest common factor of 130 and j?
26
Suppose -c - c - 48 = 0. Suppose -2*k = k + 5346. Let g be (k/c)/((-3)/(-8)). What is the highest common divisor of g and 18?
18
Let y = 180 + 19. Suppose 3*r = 5*o - 668, 3*o + r - 199 = y. Suppose -5*q = -o + 28. Calculate the highest common divisor of q and 84.
21
Let r(i) = i - 15. Let o be r(17). Let u be (9/(-9))/(o/(-30)). What is the highest common factor of u and 3?
3
Suppose -8*u = -3*u - 30. Calculate the greatest common divisor of 144 and u.
6
Let z = -181 - -206. Calculate the highest common divisor of 775 and z.
25
Let y(c) = -2*c**2 - 8*c + 5. Let a be y(-4). What is the highest common factor of a and 10?
5
Suppose -n - 16*a = -19*a - 69, 0 = 2*n + 4*a - 188. Calculate the greatest common factor of 126 and n.
42
Suppose 3*p - 21 - 10 = -5*b, 20 = 4*b. Suppose m - 3*i - 198 = -p*m, 306 = 5*m + 3*i. Calculate the highest common divisor of 21 and m.
21
Suppose 0*t + 2*t = -o - 22, -5*t = -3*o - 121. Let r = o - -71. What is the greatest common factor of 273 and r?
39
Suppose 2*o - 3*k + k - 6 = 0, -4*o = 5*k - 30. Let x be 21/(4/(60/o)). What is the highest common divisor of 7 and x?
7
Suppose -1868 = -24*i + 20*i + d, -2*i + 944 = 2*d. What is the highest common factor of i and 36?
36
Let t be 454 + 0/4 + -1*3. Suppose -2*i = 3*m - 598, -3*i - t - 533 = -5*m. Calculate the highest common factor of 22 and m.
22
Let s(p) = -91*p + 12. Let c be s(-1). Suppose -7*h = -338 - c. Let y(m) = -8*m - 1. Let u be y(-1). Calculate the highest common divisor of u and h.
7
Let v(w) = -w**3 + 14*w**2 + 15*w. Let y be v(15). Suppose 0 = -5*n - k + 525, y = 3*n - 6*n + 5*k + 315. Calculate the greatest common factor of n and 42.
21
Suppose 2*b = -0*b + 120. Let i be 5*55/25 + 9. What is the highest common divisor of i and b?
20
Let m be (-332)/(-28) - 11/(-77). Calculate the highest common factor of 78 and m.
6
Let n(p) = 8*p + 1. Let j be n(-1). Let q = j - -17. Calculate the highest common factor of 4 and q.
2
Let k be 27*((-7)/(-21) - 0/2). Suppose r = 5*q - k, -6*r + 3*r = 3*q - 27. Let p = 43 - 13. What is the highest common divisor of r and p?
6
Let u = -272 + 298. Calculate the greatest common divisor of 299 and u.
13
Suppose -23 - 11 = -2*f + 2*x, 2*x - 2 = 0. Suppose 2*w - 61 = 3*w + 3*o, -4*o = 2*w + 112. Let r = 58 + w. What is the greatest common factor of f and r?
6
Suppose -19 + 22 = 3*i. Let y be 4 + 0 + 33/i. What is the greatest common factor of 148 and y?
37
Suppose -813*k + 821*k - 440 = 0. Let o = -5 + 10. What is the highest common factor of k and o?
5
Let s(c) = 2*c + 55. Let i = -120 + 99. Let l be s(i). Calculate the greatest common divisor of 169 and l.
13
Suppose 3*m - 49 = -4*p, 42 = -0*p + 3*p + 4*m. Let r = 13 - p. Let s be 142 + r*(-4)/(-12). What is the greatest common factor of s and 13?
13
Let x = 3005 + -1692. What is the greatest common divisor of 303 and x?
101
Suppose x - 2*k = 101, 37*x - 41*x = 2*k - 394. Calculate the greatest common divisor of x and 22.
11
Let c be (5/(-2) + 4)*(15 + -7). Calculate the greatest common factor of c and 78.
6
Let q = -3 - -21. Let m be 76 + (0 + -6 - (-5 - -3)). Calculate the greatest common divisor of m and q.
18
Suppose -3*q + 20 = 2*q. Suppose -s = q*a - 18, -12 = -5*a - 3*s + 7. What is the greatest common factor of a and 40?
5
Suppose -84 = 2012*t - 2019*t. What is the greatest common factor of t and 4?
4
Suppose 0 = m + 2*x - 21, -m + 4*m - x - 42 = 0. Let n be (m/21 - 1)*-14. Let o be (2/6)/((-2)/(-6)). Calculate the greatest common divisor of o and n.
1
Let q = 39 - 35. Suppose l + 0*t = 4*t + 27, -2*l = -q*t - 46. Calculate the highest common divisor of l and 38.
19
Suppose -13*b - 448 = -15*b. What is the greatest common divisor of b and 7?
7
Suppose -28 = 2*b + b - 5*g, 2*g - 10 = 0. Let r be 1/(((-3)/9)/b). Calculate the highest common 